rime factors of 35976?
2, 3, 1499
List the prime factors of 2166.
2, 3, 19
List the prime factors of 12964.
2, 7, 463
What are the prime factors of 23774?
2, 11887
What are the prime factors of 1256?
2, 157
What are the prime factors of 2337?
3, 19, 41
What are the prime factors of 119?
7, 17
What are the prime factors of 2634?
2, 3, 439
List the prime factors of 21198.
2, 3, 3533
What are the prime factors of 3603?
3, 1201
List the prime factors of 155350.
2, 5, 13, 239
List the prime factors of 1372.
2, 7
What are the prime factors of 1191?
3, 397
What are the prime factors of 6?
2, 3
What are the prime factors of 1471?
1471
What are the prime factors of 16204?
2, 4051
What are the prime factors of 40250?
2, 5, 7, 23
List the prime factors of 207.
3, 23
What are the prime factors of 1221?
3, 11, 37
What are the prime factors of 25039?
7, 73
List the prime factors of 13618.
2, 11, 619
List the prime factors of 2814.
2, 3, 7, 67
What are the prime factors of 44133?
3, 47, 313
List the prime factors of 172.
2, 43
What are the prime factors of 890?
2, 5, 89
List the prime factors of 1144.
2, 11, 13
What are the prime factors of 713?
23, 31
List the prime factors of 47234.
2, 11, 19, 113
List the prime factors of 527.
17, 31
List the prime factors of 74358.
2, 3, 17
List the prime factors of 4284.
2, 3, 7, 17
What are the prime factors of 13672?
2, 1709
What are the prime factors of 27217?
17, 1601
What are the prime factors of 1160?
2, 5, 29
What are the prime factors of 21058?
2, 10529
List the prime factors of 92214.
2, 3, 47, 109
List the prime factors of 1017.
3, 113
What are the prime factors of 2350?
2, 5, 47
List the prime factors of 1353.
3, 11, 41
List the prime factors of 33973.
53, 641
What are the prime factors of 165386?
2, 13, 6361
List the prime factors of 86.
2, 43
What are the prime factors of 2271?
3, 757
List the prime factors of 50184.
2, 3, 17, 41
What are the prime factors of 6143?
6143
What are the prime factors of 4744?
2, 593
List the prime factors of 49349.
61, 809
What are the prime factors of 132058?
2, 66029
List the prime factors of 712.
2, 89
List the prime factors of 2622.
2, 3, 19, 23
What are the prime factors of 9986?
2, 4993
List the prime factors of 87003.
3, 7, 1381
List the prime factors of 11711.
7, 239
List the prime factors of 22668.
2, 3, 1889
List the prime factors of 27034.
2, 7, 1931
List the prime factors of 769.
769
What are the prime factors of 18998?
2, 7, 23, 59
What are the prime factors of 18540?
2, 3, 5, 103
What are the prime factors of 19714?
2, 9857
List the prime factors of 1070.
2, 5, 107
List the prime factors of 1427.
1427
List the prime factors of 806.
2, 13, 31
What are the prime factors of 1908?
2, 3, 53
What are the prime factors of 4153?
4153
List the prime factors of 5657.
5657
What are the prime factors of 4160?
2, 5, 13
What are the prime factors of 81563?
81563
What are the prime factors of 937?
937
What are the prime factors of 3869?
53, 73
What are the prime factors of 3718?
2, 11, 13
What are the prime factors of 77710?
2, 5, 19, 409
What are the prime factors of 2062?
2, 1031
What are the prime factors of 5990?
2, 5, 599
What are the prime factors of 953?
953
What are the prime factors of 119633?
119633
List the prime factors of 1494.
2, 3, 83
List the prime factors of 17890.
2, 5, 1789
List the prime factors of 2016.
2, 3, 7
What are the prime factors of 30570?
2, 3, 5, 1019
What are the prime factors of 742?
2, 7, 53
List the prime factors of 80914.
2, 23, 1759
What are the prime factors of 21085?
5, 4217
List the prime factors of 82089.
3, 7, 1303
List the prime factors of 491.
491
What are the prime factors of 454?
2, 227
List the prime factors of 3068.
2, 13, 59
List the prime factors of 90627.
3, 17, 1777
What are the prime factors of 83737?
83737
What are the prime factors of 1244?
2, 311
List the prime factors of 465.
3, 5, 31
What are the prime factors of 8833?
11, 73
What are the prime factors of 81828?
2, 3, 2273
What are the prime factors of 734?
2, 367
List the prime factors of 680.
2, 5, 17
List the prime factors of 16661.
16661
List the prime factors of 13223.
7, 1889
List the prime factors of 29055.
3, 5, 13, 149
List the prime factors of 2682.
2, 3, 149
What are the prime factors of 4404?
2, 3, 367
List the prime factors of 648.
2, 3
List the prime factors of 2562.
2, 3, 7, 61
List the prime factors of 305.
5, 61
List the prime factors of 1051.
1051
What are the prime factors of 23428?
2, 5857
What are the prime factors of 793?
13, 61
What are the prime factors of 1079?
13, 83
What are the prime factors of 46669?
7, 59, 113
What are the prime factors of 3350?
2, 5, 67
What are the prime factors of 30319?
30319
What are the prime factors of 19468?
2, 31, 157
What are the prime factors of 3931?
3931
List the prime factors of 85925.
5, 7, 491
List the prime factors of 5348.
2, 7, 191
What are the prime factors of 348?
2, 3, 29
List the prime factors of 50950.
2, 5, 1019
What are the prime factors of 1135?
5, 227
What are the prime factors of 12967?
12967
List the prime factors of 22257.
3, 2473
What are the prime factors of 5319?
3, 197
List the prime factors of 17343.
3, 41, 47
List the prime factors of 246.
2, 3, 41
List the prime factors of 4042.
2, 43, 47
List the prime factors of 11600.
2, 5, 29
List the prime factors of 6274.
2, 3137
List the prime factors of 308.
2, 7, 11
List the prime factors of 12193.
89, 137
List the prime factors of 281.
281
List the prime factors of 1936.
2, 11
List the prime factors of 1687.
7, 241
What are the prime factors of 32241?
3, 11, 977
What are the prime factors of 13271?
23, 577
List the prime factors of 1425.
3, 5, 19
List the prime factors of 1790.
2, 5, 179
What are the prime factors of 4638?
2, 3, 773
List the prime factors of 17968.
2, 1123
What are the prime factors of 8079?
3, 2693
List the prime factors of 3455.
5, 691
List the prime factors of 4170.
2, 3, 5, 139
What are the prime factors of 977?
977
What are the prime factors of 193?
193
List the prime factors of 14710.
2, 5, 1471
List the prime factors of 2574.
2, 3, 11, 13
What are the prime factors of 3476?
2, 11, 79
What are the prime factors of 908?
2, 227
What are the prime factors of 516?
2, 3, 43
What are the prime factors of 3421?
11, 311
List the prime factors of 40775.
5, 7, 233
List the prime factors of 54776.
2, 41, 167
What are the prime factors of 31440?
2, 3, 5, 131
List the prime factors of 255.
3, 5, 17
What are the prime factors of 12990?
2, 3, 5, 433
What are the prime factors of 10170?
2, 3, 5, 113
List the prime factors of 483.
3, 7, 23
What are the prime factors of 2238?
2, 3, 373
What are the prime factors of 3032?
2, 379
List the prime factors of 6081.
3, 2027
What are the prime factors of 36035?
5, 7207
What are the prime factors of 40802?
2, 23, 887
List the prime factors of 23379.
3, 7793
List the prime factors of 42422.
2, 21211
List the prime factors of 3259.
3259
What are the prime factors of 1654?
2, 827
What are the prime factors of 3446?
2, 1723
List the prime factors of 128.
2
List the prime factors of 6336.
2, 3, 11
What are the prime factors of 1251?
3, 139
What are the prime factors of 455?
5, 7, 13
What are the prime factors of 5767?
73, 79
What are the prime factors of 3219?
3, 29, 37
List the prime factors of 61069.
173, 353
List the prime factors of 13708.
2, 23, 149
List the prime factors of 512.
2
What are the prime factors of 219?
3, 73
List the prime factors of 804.
2, 3, 67
List the prime factors of 16582.
2, 8291
What are the prime factors of 3993?
3, 11
What are the prime factors of 188?
2, 47
What are the prime factors of 1626?
2, 3, 271
List the prime factors of 2611.
7, 373
What are the prime factors of 161?
7, 23
What are the prime factors of 168?
2, 3, 7
What are the prime factors of 5500?
2, 5, 11
List the prime factors of 6940.
2, 5, 347
What are the prime factors of 1165?
5, 233
What are the prime factors of 3679?
13, 283
List the prime factors of 87374.
2, 7, 79
List the prime factors of 38666.
2, 19333
What are the prime factors of 95924?
2, 23981
What are the prime factors of 131638?
2, 13, 61, 83
What are the prime factors of 2296?
2, 7, 41
What are the prime factors of 13380?
2, 3, 5, 223
Lis